ctor of 132921?
True
Is 24 a factor of 1128?
True
Is 4549 a multiple of 70?
False
Does 180 divide 30780?
True
Does 34 divide 146?
False
Is 193 a factor of 15826?
True
Is 28 a factor of 1624?
True
Does 9 divide 450?
True
Is 13 a factor of 15380?
False
Does 4 divide 14300?
True
Is 588 a multiple of 21?
True
Does 35 divide 655?
False
Does 3 divide 533?
False
Does 23 divide 345?
True
Is 23 a factor of 5120?
False
Is 1965 a multiple of 10?
False
Is 6 a factor of 4326?
True
Is 900 a multiple of 36?
True
Is 10325 a multiple of 190?
False
Is 45 a factor of 206?
False
Does 25 divide 33425?
True
Is 116 a factor of 24360?
True
Is 10048 a multiple of 16?
True
Does 41 divide 18942?
True
Does 24 divide 4701?
False
Is 2 a factor of 20?
True
Is 33 a factor of 1534?
False
Does 52 divide 832?
True
Is 3742 a multiple of 42?
False
Does 167 divide 25384?
True
Does 14 divide 2574?
False
Is 59705 a multiple of 12?
False
Is 792 a multiple of 33?
True
Does 10 divide 170?
True
Is 5857 a multiple of 92?
False
Is 312 a multiple of 10?
False
Is 315 a multiple of 3?
True
Is 342 a multiple of 46?
False
Is 481 a multiple of 13?
True
Is 26 a factor of 2834?
True
Is 9753 a multiple of 20?
False
Does 13 divide 64?
False
Is 58864 a multiple of 52?
True
Is 18 a factor of 6477?
False
Does 15 divide 19905?
True
Is 5358 a multiple of 43?
False
Is 781 a multiple of 11?
True
Is 5 a factor of 57?
False
Is 4 a factor of 880?
True
Does 8 divide 2104?
True
Does 28 divide 10360?
True
Is 15 a factor of 26323?
False
Is 1484 a multiple of 18?
False
Does 44 divide 176?
True
Does 58 divide 400?
False
Is 6603 a multiple of 71?
True
Is 1383 a multiple of 6?
False
Is 66658 a multiple of 336?
False
Is 5301 a multiple of 11?
False
Is 73 a factor of 49779?
False
Is 2103 a multiple of 24?
False
Does 67 divide 4757?
True
Does 6 divide 8442?
True
Is 6 a factor of 1104?
True
Is 10 a factor of 947?
False
Does 123 divide 6519?
True
Is 19 a factor of 601?
False
Does 61 divide 2806?
True
Is 528 a multiple of 50?
False
Is 17030 a multiple of 65?
True
Is 402 a multiple of 6?
True
Is 96200 a multiple of 325?
True
Does 9 divide 577?
False
Is 5 a factor of 5465?
True
Does 6 divide 3336?
True
Is 15 a factor of 1365?
True
Is 106 a factor of 1908?
True
Is 3 a factor of 2412?
True
Is 4842 a multiple of 5?
False
Does 13 divide 280?
False
Does 56 divide 8927?
False
Is 23874 a multiple of 7?
False
Is 7 a factor of 102?
False
Does 13 divide 32906?
False
Is 107 a factor of 11708?
False
Does 73 divide 15257?
True
Does 6 divide 303?
False
Does 320 divide 36175?
False
Is 148 a factor of 22644?
True
Does 83 divide 1171?
False
Is 26748 a multiple of 187?
False
Does 56 divide 65632?
True
Does 22 divide 506?
True
Is 62 a factor of 4464?
True
Is 2064 a multiple of 12?
True
Does 55 divide 72612?
False
Is 1259 a multiple of 12?
False
Is 2 a factor of 86?
True
Does 9 divide 93?
False
Is 6 a factor of 1393?
False
Does 29 divide 3944?
True
Does 17 divide 44031?
False
Is 2 a factor of 293?
False
Is 23 a factor of 552?
True
Does 83 divide 7571?
False
Is 3 a factor of 373?
False
Does 75 divide 20175?
True
Is 1039 a multiple of 8?
False
Is 2 a factor of 941?
False
Is 308 a factor of 103180?
True
Is 1870 a multiple of 8?
False
Is 15 a factor of 10800?
True
Is 24 a factor of 16531?
False
Does 7 divide 6909?
True
Is 36740 a multiple of 16?
False
Is 2 a factor of 1058?
True
Does 11 divide 1067?
True
Is 4621 a multiple of 18?
False
Is 1190 a multiple of 14?
True
Is 39 a factor of 2652?
True
Does 20 divide 1980?
True
Is 641 a multiple of 25?
False
Does 3 divide 4128?
True
Does 12 divide 300?
True
Does 16 divide 3248?
True
Is 23 a factor of 345?
True
Is 135239 a multiple of 64?
False
Does 5 divide 311?
False
Does 17 divide 3825?
True
Is 2 a factor of 1045?
False
Is 42 a factor of 24822?
True
Is 29624 a multiple of 18?
False
Is 14554 a multiple of 357?
False
Is 35 a multiple of 5?
True
Does 76 divide 1050?
False
Is 25 a factor of 1315?
False
Is 68 a factor of 8010?
False
Is 1784 a multiple of 8?
True
Does 18 divide 2970?
True
Is 22748 a multiple of 95?
False
Is 146 a multiple of 11?
False
Is 8432 a multiple of 8?
True
Is 2566 a multiple of 26?
False
Is 16 a factor of 29872?
True
Is 579 a multiple of 23?
False
Is 1227 a multiple of 2?
False
Is 18 a factor of 2708?
False
Does 6 divide 46558?
False
Is 22 a factor of 2798?
False
Is 12642 a multiple of 98?
True
Is 28 a factor of 818?
False
Is 11232 a multiple of 13?
True
Is 22 a factor of 4488?
True
Is 228 a factor of 41322?
False
Is 2900 a multiple of 7?
False
Is 27 a factor of 33387?
False
Does 143 divide 6864?
True
Is 3124 a multiple of 44?
True
Is 775 a multiple of 31?
True
Is 8375 a multiple of 141?
False
Does 17 divide 554?
False
Is 1078 a multiple of 2?
True
Is 12 a factor of 5066?
False
Does 17 divide 553?
False
Does 39 divide 1171?
False
Is 13 a factor of 432?
False
Is 625 a multiple of 6?
False
Does 8 divide 14984?
True
Does 10 divide 15?
False
Is 6 a factor of 863?
False
Is 1207 a multiple of 36?
False
Is 35 a factor of 12075?
True
Is 7 a factor of 11745?
False
Is 22 a factor of 38984?
True
Does 18 divide 125435?
False
Is 8 a factor of 651?
False
Is 621 a multiple of 27?
True
Is 240 a multiple of 48?
True
Does 2 divide 1122?
True
Is 1992 a multiple of 24?
True
Does 81 divide 2349?
True
Is 987 a multiple of 47?
True
Is 8140 a multiple of 5?
True
Does 63 divide 1150?
False
Is 379 a multiple of 38?
False
Does 27 divide 1573?
False
Does 47 divide 446?
False
Is 2424 a multiple of 4?
True
Is 63 a factor of 79191?
True
Does 26 divide 2574?
True
Is 76 a factor of 341?
False
Does 18 divide 2178?
True
Is 5554 a multiple of 19?
False
Does 12 divide 3015?
False
Does 7 divide 175?
True
Is 15 a factor of 32113?
False
Does 64 divide 23168?
True
Is 37 a factor of 20424?
True
Is 10 a factor of 44440?
True
Is 31 a factor of 4340?
True
Is 128 a factor of 14384?
False
Is 101 a factor of 404?
True
Does 9 divide 288?
True
Does 17 divide 3808?
True
Is 224 even?
True
Does 8 divide 17576?
True
Is 320 a multiple of 20?
True
Does 9 divide 8406?
True
Does 10 divide 5520?
True
Does 9 divide 6174?
True
Is 12665 a multiple of 17?
True
Is 150 a multiple of 10?
True
Is 2 a factor of 366?
True
Is 23316 a multiple of 62?
False
Does 6 divide 414?
True
Is 12 a factor of 145?
False
Is 9884 a multiple of 30?
False
Is 402 a multiple of 6?
True
Does 43 divide 9116?
True
Is 26 a factor of 130?
True
Is 19 a factor of 5033?
False
Does 265 divide 12190?
True
Is 6136 a multiple of 25?
False
Is 6 a factor of 1620?
True
Does 2 divide 2963?
False
Is 9 a factor of 1027?
False
Is 87 a multiple of 14?
False
Is 10872 a multiple of 68?
False
Is 36 a factor of 5069?
False
Does 60 divide 2547?
False
Does 40 divide 3251?
False
Does 49 divide 392?
True
Does 89 divide 8010?
True
Is 364 a multiple of 13?
True
Does 67 divide 804?
True
Is 85 a factor of 134300?
True
Does 11 divide 1276?
True
Is 2672 a multiple of 16?
True
Is 53 a factor of 5512?
True
Is 11 a factor of 4508?
False
Is 9 a factor of 900?
True
Is 1419 a multiple of 11?
True
Is 36958 a multiple of 53?
False
Is 253 a factor of 20240?
True
Does 19 divide 1476?
False
Does 49 divide 2009?
True
Is 2 a factor of 221?
False
Is 24 a factor of 17352?
True
Is 6 a factor of 955?
False
Is 17199 a multiple of 63?
True
Is 85 a factor of 3145?
True
Does 29 divide 4225?
False
Does 32 divide 2832?
False
Is 12570 a multiple of 10?
True
Does 57 divide 3292?
False
Is 109 a multiple of 3?
False
Is 6297 even?
False
Does 14 divide 21559?
False
Is 19876 a multiple of 168?
False
Is 6 a factor of 277?
False
Does 31 divide 4614?
False
Is 13 a factor of 1554?
False
Is 1055 a multiple of 30?
False
Is 9339 a multiple of 80?
False
Is 1316 a multiple of 16?
False
Is 128 a multiple of 16?
True
Is 5798 a multiple of 5?
False
Does 56 divide 1512?
True
Is 7 a factor of 9555?
True
Is 97 a factor of 20415?
False
Is 4798 a multiple of 9?
False
Is 26 a factor of 1652?
False
Does 169 divide 20787?
True
Does 34 divide 1428?
True
Is 1003 a multiple of 7?
False
Is 11 a factor of 596?
False
Is 1888 a multiple of 23?
False
Is 14552 a multiple of 107?
True
Is 5 a factor of 550?
True
Is 768 a multiple of 13?
False
Is 50540 a multiple of 95?
True
Does 20 divide 104?
False
Is 3384 a multiple of 141?
True
Is 92197 a multiple of 44?
Fa